7
Suppose -2*h + 7*h = -5*r + 1390, 5*h = -4*r + 1116. Suppose -o - 2 = 0, 3*u - 5*o = -0*u + r. What are the prime factors of u?
2, 11
Let h(n) = -n**2 + 9*n - 24. Let x be h(-9). What are the prime factors of (x/8)/((-24)/64)?
2, 31
Let d be 8/(-4)*1 - -6. Let s = d + 19. What are the prime factors of s?
23
Let y = -7 + 11. Let r(a) = -7*a**2 - 15*a - 10. Let z(t) = 4*t**2 + 8*t + 5. Let c(u) = 6*r(u) + 11*z(u). What are the prime factors of c(y)?
19
What are the prime factors of (10/(-15))/((2 - 0)/(-1626))?
2, 271
Suppose 0 = -7*j + 3 - 17. Let q(v) = -11*v**3 - 2. What are the prime factors of q(j)?
2, 43
Suppose 5*f = -9 + 19. Suppose -3*r + 128 = f*p - r, -3*p + 172 = -2*r. List the prime factors of p.
2, 3, 5
Suppose -5676 = -137*b + 115*b. List the prime factors of b.
2, 3, 43
Let l(a) = -a**2 + 7*a + 9. Let r be l(7). Suppose -r*t + 2*t = -553. What are the prime factors of t?
79
Suppose -874*o + 855*o = -35948. What are the prime factors of o?
2, 11, 43
Suppose 0 = 47*k - 100596 - 101786. List the prime factors of k.
2, 2153
Let d(v) = -11*v**3 - v**2 - 3*v - 1. Let g be d(-1). Suppose -5*k - 5*j + 12 = -2*k, -k + 6 = j. Let b = g - k. What are the prime factors of b?
3
Suppose 4*c + 20 = 2*c. Suppose 2*b = -2*b - 2*p - 16, -9 = b - 2*p. What are the prime factors of (c/8)/(b/140)?
5, 7
Let o(l) = -l**3 + 13*l**2 - 5*l + 14. Let w be o(13). Let j = w - -90. List the prime factors of (-1)/2*(3 - j).
2, 3
Let n(d) = 104*d + 3155. What are the prime factors of n(0)?
5, 631
Let f be (-277)/(-6) - 4/24. Suppose 10 + f = b. Let a = -33 + b. List the prime factors of a.
23
What are the prime factors of (-7695)/(-15) - (5 + -11)?
3, 173
Let m(q) = 2*q + 6. Let x = 11 - 9. Suppose -x*r - 2*r + 3*l = -9, -5*l + 1 = -4*r. What are the prime factors of m(r)?
2, 3
Let w = 550 + -74. List the prime factors of w.
2, 7, 17
Suppose 0 = 2*u - 43 + 49. Suppose -3*r + 3 = 6. List the prime factors of u/r*(-20)/(-12).
5
Let g = -5 + 84. Let m = g - 39. Let a = m - 5. What are the prime factors of a?
5, 7
Suppose 4*g = -3*c + 207 - 74, 5*c - 191 = g. Let f = c - 7. What are the prime factors of f?
2
Let i(h) = 2*h**3 - 33*h**2 - 8*h - 74. Let g be i(17). Let o = 37 + -76. Let f = o + g. List the prime factors of f.
2, 5
Suppose 0 = -10*t - 10*t + 9680. List the prime factors of t.
2, 11
Let c(t) = t**3 + 8*t**2 + t - 4. Let v be c(-8). Let b(s) = -s**3 - 12*s**2 - 11*s + 17. List the prime factors of b(v).
149
Let q(o) = 109*o - 277. What are the prime factors of q(17)?
2, 197
Let h(y) = y - 1. Let k(x) = -5*x + 1. Let v(g) = 6*h(g) + k(g). Let s be v(5). Suppose s = 4*p - 12, 3*p + 24 + 30 = 3*o. What are the prime factors of o?
3, 7
Suppose -3*j + 134 = -2*h - 2*h, 4*j - 27 = h. Let r = -17 - h. List the prime factors of r.
2, 3
Let v = 1288 - -118. List the prime factors of v.
2, 19, 37
Suppose -5*c + 45 + 35 = 0. Suppose -4*f + 73 = f + 3*u, f = -2*u + c. What are the prime factors of f?
2, 7
Let t(l) = 11*l**2 - 45*l - 17. Let y(z) = 4*z**2 - 15*z - 6. Let x(d) = -3*t(d) + 8*y(d). List the prime factors of x(12).
3, 13
Suppose 4*t = -3*v + 7 + 58, 0 = 2*v - 4*t - 70. Let g = 624 - 620. Suppose -103 = -g*b - v. List the prime factors of b.
19
Suppose -5*d + 75 = -2*s, -4*s + 0*s = -4*d + 60. List the prime factors of d.
3, 5
Suppose 5 = -r - 4*p, 3*r = -0*r - 3*p - 15. Let g be ((-42)/r)/(10/25). What are the prime factors of g + 3 - (3 - 2)?
23
Suppose 5*u - 18 = 2*w - 6*w, 2*u - 5*w + 6 = 0. Suppose -u*n + 5*l = l - 186, 2*n - 3*l = 184. List the prime factors of n.
89
Let h(j) = 8*j**3 + 15*j**2 + 5*j + 12. Let t(y) = -3*y**3 - 5*y**2 - 2*y - 4. Let w(m) = -4*h(m) - 11*t(m). List the prime factors of w(5).
2, 3
Suppose 4*r + 1 - 13 = 0. Let p(j) = j + 1. Let a be p(r). Suppose a*f = k - 0*k - 7, 3*k - 2*f = 21. What are the prime factors of k?
7
Let q = 2 - -4. List the prime factors of (-15)/(-45) - (-1510)/q.
2, 3, 7
Suppose -k = f - 2 - 3, -25 = -2*f - 5*k. Suppose f = 6*x - 69 - 153. List the prime factors of x.
37
Let w = 91 - -740. List the prime factors of w.
3, 277
Suppose -486 = -q - 5*s, 0 = -2*q + 23*s - 22*s + 1027. List the prime factors of q.
7, 73
Suppose 0 = 3*n + 27 - 6. Let a = n - -21. What are the prime factors of 2*a/4*3?
3, 7
Let t(q) = 2*q**2 + 62*q - 111. What are the prime factors of t(-36)?
3, 83
Suppose 3*q + q = 3*m - 370, -m + 126 = -2*q. Suppose 9*v + 375 = 4*v. Let f = v + m. List the prime factors of f.
43
Suppose i - 733 = -3*o + 747, 4*o - i = 1964. What are the prime factors of o?
2, 3, 41
Suppose -2*i - 3*i + 71 = -2*n, 0 = n - 4*i + 40. Let m = 2 + -3. List the prime factors of n/(-6)*(2 - m).
2, 7
Let k(t) = 2 + 9*t**2 + 11*t**3 + 11*t + 2*t**2 + 7. Let i(s) = 5*s**3 + 5*s**2 + 5*s + 4. Let n(w) = -14*i(w) + 6*k(w). List the prime factors of n(-2).
2, 11
Let d be -5 + (9/3)/3. Suppose -15 = 4*k - 7*k, -4*i - 2*k = 466. List the prime factors of (-1394)/i - d/14.
2, 3
Let n be (2 + -1)*(-115 - -5). What are the prime factors of n/(-4) - (-10)/(-20)?
3
Let u = 10 + -10. Suppose u - 2 = -4*t + 5*g, g - 5 = -t. Suppose -4*p = -t*j + 42, 2*j - 3*j + 9 = -3*p. What are the prime factors of j?
2, 3
Let f(h) = -2*h + 1. Let k = 24 - 16. Let p be (k/6)/((-32)/144). What are the prime factors of f(p)?
13
Let j be 12*(2 - (-9)/(-6)). Let d(r) = r**3 - 4*r**2 - 6*r - 11. Let l(w) = w. Let t(z) = d(z) + l(z). List the prime factors of t(j).
31
Let g(u) = -36*u - 55. What are the prime factors of g(-14)?
449
Let b be ((-8)/(-1))/((2/(-1))/6). List the prime factors of 23/(-3)*b/8.
23
Let i be 2/10 - (-2)/(-10). Suppose i = -2*w - 101 + 399. List the prime factors of w.
149
Let w(q) = q**3 - 7*q**2 - 6*q + 8. Let v be w(7). Let s be 11/(-44) + v/(-8). Suppose -5 = -s*k + 3*k. What are the prime factors of k?
5
Suppose 0*s = -2*s. Suppose s*r = r + 1. List the prime factors of (r + -2)/((-6)/32).
2
Let q = 4 + -2. Let c(v) be the third derivative of v**6/40 - v**5/60 + v**4/8 - v**3/6 + v**2 - 29*v. List the prime factors of c(q).
5
Suppose -3*x + 5*s + 941 = 0, 2*s - 532 - 423 = -3*x. List the prime factors of x.
317
Suppose 0 = 4*p + 1 + 3. Let w be p*(-7 - -3) - 4. Suppose w = -2*z + 5*g - g + 10, -z - 4*g + 5 = 0. What are the prime factors of z?
5
Let o(w) = 63*w**2 + 29*w - 8. What are the prime factors of o(-6)?
2, 7, 149
What are the prime factors of 52/6 + (-10)/(-30)?
3
Suppose -i - 121 = -3*c, 5*c - 3*i - 199 = -2*i. Suppose 2*v - c = 27. List the prime factors of v.
3, 11
Suppose 36 = -3*f + 5*f. Let r = f - 12. Suppose -2*x = g - 47, -3*x + r*x + 5*g = 88. What are the prime factors of x?
3, 7
Let j = 8622 - 4740. What are the prime factors of j?
2, 3, 647
Let k be (80/24 + -4)*12/(-2). Let g(w) = 6*w**3 - 4*w**2 + w + 2. Let n be g(2). Suppose k*r = 2*x - n, -2*r + 7*r = 5*x - 65. List the prime factors of x.
2
Suppose 82800 = -11*a + 36*a. What are the prime factors of a?
2, 3, 23
Let o = -9 - -60. Let k = -30 + o. List the prime factors of k.
3, 7
What are the prime factors of 2370/8 + (-1)/(32/8)?
2, 37
Let h be (2940/(-24))/((-2)/4). Suppose 5*j - 702 - 548 = -5*x, 2*x = -j + h. List the prime factors of j.
3, 5, 17
Let q(t) = -319*t - 3. What are the prime factors of q(-1)?
2, 79
Let k = 8315 + -4743. What are the prime factors of k?
2, 19, 47
Let q(c) = 44*c**3 + 6*c - 4. List the prime factors of q(2).
2, 3, 5
Suppose 4*j = 3*j - 4. What are the prime factors of (-101)/j*3/(6/8)?
101
Suppose 6*s - 11*s + 25 = 0, 0 = -2*i - 4*s + 30. Suppose 4*c + i*c = 468. List the prime factors of c.
2, 13
List the prime factors of ((-3 - -1) + 29)/((-6)/(-4)).
2, 3
Let v = 47 - 45. List the prime factors of (v/9 - (-3736)/36) + 2.
2, 53
Let k(q) = 2*q**2 + 9*q - 2. Let b(f) = f**3 - 7*f**2 + 7*f - 12. Let l be 22/33 - 16/(-3). Let y be b(l). What are the prime factors of k(y)?
2
Suppose 8*d - 2319 = 345. Suppose -4*b - 3*j = -d, 2*b - j - 179 = -0. What are the prime factors of b?
3, 29
Suppose 9*j = 13*j - 1208. List the prime factors of j.
2, 151
Let n be (-1064)/(-21)*(-18)/(-8). What are the prime factors of n/2 - (2 - -2)?
53
Suppose -36*r + 4431 + 3453 = 0. What are the prime factors of r?
3, 73
Let s be (5/(-2))/((-9)/(-18)). Let h(b) = -b**2 - 4*b + 8. List the prime factors of h(s).
3
Let d(f) = 3*f**2 - 